0010000
In base 6, what is 1123 + 514?
2041
In base 15, what is 1 + -1bece?
-1becd
In base 3, what is -11202211002 - -21?
-11202210211
In base 10, what is -102 + -2269?
-2371
In base 15, what is -1c9 - -162?
-67
In base 6, what is 1030205 - 4?
1030201
In base 9, what is 7 + -26804?
-26786
In base 11, what is 17a - 55?
125
In base 13, what is 87 - 505?
-44b
In base 6, what is -43023 - 4?
-43031
In base 5, what is 13 - 20124?
-20111
In base 9, what is -56171 + -3?
-56174
In base 12, what is -5 - 71442?
-71447
In base 2, what is -101011110100 - -1110001?
-101010000011
In base 15, what is 262 - -16b?
3cd
In base 16, what is f556 + 10?
f566
In base 10, what is -10 + -280410?
-280420
In base 16, what is -c30b9 + 1?
-c30b8
In base 10, what is 3 - -156629?
156632
In base 2, what is -1 - 1001000010110010110?
-1001000010110010111
In base 4, what is 1113 + -1011231?
-1010112
In base 12, what is -1 + -74765?
-74766
In base 9, what is -730 - -50?
-670
In base 7, what is -10 + -13212?
-13222
In base 15, what is -5 - -169b8?
169b3
In base 5, what is -4 - 21432201?
-21432210
In base 4, what is -120 - 10221101?
-10221221
In base 8, what is 52270 + 16?
52306
In base 16, what is -7 + 1f43?
1f3c
In base 10, what is 44800 - 8?
44792
In base 7, what is -3 - 12661?
-12664
In base 4, what is 11 - 133023020?
-133023003
In base 16, what is -14f - f8?
-247
In base 16, what is -e - 6271?
-627f
In base 4, what is -131221 - 2333?
-200220
In base 2, what is -1000101010010 - 11?
-1000101010101
In base 10, what is 2 - -12480?
12482
In base 10, what is 55 - -1002?
1057
In base 10, what is 442 + 45?
487
In base 14, what is 114b - -2bc?
1429
In base 8, what is -2735 + 1?
-2734
In base 5, what is -10243023 + 4?
-10243014
In base 6, what is 11 + 2552?
3003
In base 8, what is -3454107 - -5?
-3454102
In base 7, what is 11 - 253116?
-253105
In base 2, what is -11111101011011 - 101?
-11111101100000
In base 12, what is -22 + b20?
aba
In base 6, what is -200 + -552523?
-553123
In base 10, what is 14625 + 2?
14627
In base 13, what is 1770 - -350?
1ac0
In base 9, what is 1 - -118213?
118214
In base 3, what is 210 + 112221202?
112222112
In base 4, what is -122 - 333333?
-1000121
In base 12, what is -5 + -204808?
-204811
In base 7, what is 243435 - -4?
243442
In base 7, what is 254654 - 31?
254623
In base 13, what is c - -c573?
c582
In base 9, what is 73 - 3160?
-3076
In base 11, what is a + 1949?
1958
In base 11, what is -5033a - 7?
-50346
In base 4, what is -1101132230 - -3?
-1101132221
In base 11, what is 8 + 4a17?
4a24
In base 15, what is -3 - -37b3b?
37b38
In base 8, what is -1102 - -3222?
2120
In base 5, what is -21004321 - 3?
-21004324
In base 14, what is 139 + -38d?
-254
In base 7, what is 51601 + 15?
51616
In base 13, what is a - 131?
-124
In base 13, what is -166 - 23?
-189
In base 16, what is 10d + 1c96?
1da3
In base 2, what is -100100100 + 1001111010?
101010110
In base 14, what is -9 - -5565?
555a
In base 5, what is 2 + 241130?
241132
In base 16, what is -1 - 29acd?
-29ace
In base 8, what is 1 - 5001666?
-5001665
In base 3, what is 111 + -212011020022?
-212011012211
In base 5, what is 301440 + -2303?
244132
In base 13, what is -3c - 492?
-501
In base 9, what is 6 - -540?
546
In base 12, what is -72 + 414?
362
In base 10, what is 176 + 16624?
16800
In base 13, what is -3 + 11456c?
114569
In base 16, what is 3 - 14c71?
-14c6e
In base 10, what is 3 - -203424?
203427
In base 14, what is -11793 - 2?
-11795
In base 2, what is 1101101010110010100 + 0?
1101101010110010100
In base 7, what is 314 - -124?
441
In base 14, what is -986 + 71?
-915
In base 6, what is -1 + -2423420?
-2423421
In base 15, what is -37851 + -b?
-3785c
In base 9, what is -1283 + 168?
-1114
In base 10, what is -1 + -536043?
-536044
In base 8, what is -30257 + 144?
-30113
In base 12, what is 523b - 209?
5032
In base 6, what is 255420 + 1?
255421
In base 9, what is 1645611 + 0?
1645611
In base 8, what is -3 + 25251?
25246
In base 4, what is 1 + -232130322?
-232130321
In base 4, what is -2 - 231121?
-231123
In base 15, what is 3 + a4ae?
a4b2
In base 11, what is -72 + 157a?
1508
In base 10, what is -6674 - -2?
-6672
In base 7, what is 142254 + 263?
142550
In base 13, what is -a663 - -b?
-a655
In base 10, what is -1698586 - -1?
-1698585
In base 6, what is -1 - -20151?
20150
In base 5, what is -103 + -102230?
-102333
In base 9, what is 847 + 52?
1010
In base 2, what is 101101 + -1111101010?
-1110111101
In base 3, what is 2 + -201020022011?
-201020022002
In base 8, what is 657720 + -11?
657707
In base 7, what is -1 + -115014?
-115015
In base 16, what is ba2 + b?
bad
In base 12, what is -41bb1 - 4?
-41bb5
In base 7, what is 22 - -6551?
6603
In base 5, what is -32101343 - 4?
-32101402
In base 13, what is 22c19 + 0?
22c19
In base 8, what is -210 - 31235?
-31445
In base 14, what is -297 - -50?
-247
In base 13, what is 16ba2 + 1?
16ba3
In base 9, what is 3 - -38601?
38604
In base 10, what is 65 - 39185?
-39120
In base 5, what is -241 + -20132?
-20423
In base 10, what is -21825 + 2?
-21823
In base 5, what is 1222344 + 31?
1222430
In base 13, what is -3 + -6ca8?
-6cab
In base 16, what is -1f + 7715?
76f6
In base 5, what is -1101 - -114330?
113224
In base 2, what is 11111000 - 1111111110?
-1100000110
In base 11, what is 1787 - 47?
1740
In base 2, what is 110000101110010 + 10000000?
110000111110010
In base 4, what is -11122 - -23?
-11033
In base 2, what is -10 + 1011001101010001011?
1011001101010001001
In base 9, what is -15508572 - -2?
-15508570
In base 15, what is -24 + 78a?
766
In base 13, what is 18 - -9242?
925a
In base 6, what is 2 - -1040530?
1040532
In base 11, what is -6a4 + -3?
-6a7
In base 4, what is 2212121 - -221?
2213002
In base 7, what is -2 - 513160?
-513162
In base 4, what is 21003233 + -10?
21003223
In base 12, what is 214543 - 5?
21453a
In base 16, what is 4ccd - -2a?
4cf7
In base 11, what is 1706 + -305?
1401
In base 13, what is 65835 - -8?
65840
In base 15, what is -2 + -12001?
-12003
In base 10, what is -48033 + -4?
-48037
In base 16, what is f + 106?
115
In base 9, what is 5 - -178425?
178431
In base 4, what is 1 + 1011102?
1011103
In base 13, what is 4b - -492?
510
In base 7, what is -50 + -1654?
-2034
In base 3, what is -11101201001 + -12?
-11101201020
In base 2, what is 1101101110 + -1110000?
1011111110
In base 3, what is 21 - 2112101001?
-2112100210
In base 10, what is -8533 - -248?
-8285
In base 15, what is c - -ca8?
cb5
In base 9, what is 437 - 785?
-347
In base 7, what is 1033 + 6601?
10634
In base 15, what is 5 + -b033?
-b02d
In base 6, what is 120035 - -252?
120331
In base 7, what is 120 - -43?
163
In base 8, what is 6725 + -14?
6711
In base 9, what is 417346 + -8?
417337
In base 13, what is -23cba - -4?
-23cb6
In base 3, what is -122010211112 + -1?
-122010211120
In base 3, what is 120021 - -21202?
212000
In base 16, what is -422 - -16?
-40c
In base 6, what is -4 + 5440555?
5440551
In base 16, what is -131e5 - -c?
-131d9
In base 14, what is 1 - -28750?
28751
In base 10, what is 1 + 17830?
17831
In base 5, what is -13331 - 120?
-14001
In base 8, what is 6770045 - -4?
6770051
In base 13, what is 22 + -663a?
-6618
In base 6, what is 104054121 - -4?
104054125
In base 8, what is -5 + 113212?
113205
In base 4, what is -321130 + -320?
-322110
In base 2, what is -11011011100 + -100001111?
-11111101011
In base 14, what is 3d2 + 53?
445
In base 3, what is 1122121210 + 10?
1122121220
In base 14, what is -3 + 113a?
1137
In base 3, what is -2202 + 110001021?
102221112
In base 11, what is -2084 + -30?
-2104
In base 13, what is 39 + -16921?
-168b5
In base 3, what is -11 - -1001011100?
1001011012
In base 4, what is 123320 - 2203?
121111
In base 7, what is 4 + -43203?
-43166
In base 13, what is 1 + 1a25?
1a26
In base 8, what is 24446 - 5?
24441
In base 3, what is -1110120010 - 10?
-1110120020
In base 3, what is 12212200 - -20?
12212220
In base 7, what is -4 - -50361?
50354
In base 14, what is -51d + 43d?
-c0
In base 13, what is -19989 - 1?
-1998a
In base 3, what is -1221 - 11012111?
-11021102
In base 7, what is -460331 - -5?
-460323
In base 10, what is 182 + 1472?
1654
In base 4, what is -111123 + -132?
-111321
In base 4, what is -101221122 + 3?
-101221113
In base 12, what is -180 - 1690?
-1850
In base 14, what i